-11*j(i) + 4*t(i). Let h be f(0). Suppose h*b = 2*b + 36. What are the prime factors of b?
2, 3
Let y(x) = -x**3 - 6*x**2 - 4*x + 3. List the prime factors of y(-7).
2, 5
List the prime factors of (-148)/(-5) + (-4)/(-10).
2, 3, 5
Let x(o) = o**3 - 11*o**2 + 9*o + 10. Let f be x(10). Suppose f = -4*c + 2*c + 44. List the prime factors of c.
2, 11
Suppose -4*h + 25 = -5*h + 5*x, 4*h + 4*x = -124. Let m = 59 + h. What are the prime factors of m?
29
Suppose -86 = -7*a + 3*a - 2*k, 135 = 5*a - 3*k. What are the prime factors of a?
2, 3
Suppose 5*y - 277 = -3*k + 2*k, -162 = -3*y - 2*k. What are the prime factors of y?
2, 7
Suppose 0 = 2*v - 2*h - 20, -v + 5*h + 8 = -3*v. Suppose -v*t + 14 = -4*t. What are the prime factors of t?
7
Let k be 32/40*(-1 + 6). What are the prime factors of 1 - 2 - (-7 - k)?
2, 5
Let f(t) = t**2 - 2*t - 5. Suppose -2*d - 3*d = 20. What are the prime factors of f(d)?
19
Suppose -6*g + 9 = -3*g. Suppose -72 = g*m - 192. List the prime factors of m.
2, 5
List the prime factors of ((-256)/6)/((-10)/15).
2
Let u(o) = -o**3 + 17*o**2 - 23*o + 27. What are the prime factors of u(15)?
2, 3, 11
Let t = -5 + 7. Suppose -t*q = -6 + 2. List the prime factors of (-1 + 0)*q + 4.
2
Let d = 13 + -5. What are the prime factors of (10/d)/(2/8)?
5
Let i be -1 + 9 - (-2 - 0). Suppose -2*z = -3*z. Suppose -v = -z - i. What are the prime factors of v?
2, 5
Suppose -105 = 25*h - 28*h. What are the prime factors of h?
5, 7
Let u = 145 + -279. Let s = -87 - u. Suppose -3*v - 2 = -s. List the prime factors of v.
3, 5
Suppose r + 15 = -2*r. Let t(h) = -h**2 - 8*h - 7. What are the prime factors of t(r)?
2
Suppose -2*t + 27 = 3*n, t - 4*t = 5*n - 44. What are the prime factors of n?
7
Let y(p) be the second derivative of 7*p**3/6 - 2*p**2 + p. What are the prime factors of y(3)?
17
Suppose -4*z - 4*j = -j + 22, 15 = -3*z - 3*j. List the prime factors of (22/z)/((-12)/84).
2, 11
Suppose 17 = -n + 80. What are the prime factors of n?
3, 7
Suppose -6*o + 2034 + 0 = 0. List the prime factors of o.
3, 113
Let q = 10 + -16. Let m be (q/4)/(2/8). Let u = -4 - m. List the prime factors of u.
2
Suppose 2*l + 2*l - 172 = 0. What are the prime factors of l?
43
Suppose -5*m + 0*m + 76 = -3*g, 5*m - 72 = g. Let q = m - 0. What are the prime factors of q?
2, 7
Let v be 40/(3 - 2) - 2. Let l = v - 13. What are the prime factors of l?
5
Let o be 10/15 - (-20)/6. Suppose -44 = -0*y - o*y. List the prime factors of y.
11
List the prime factors of 2 + (41 - (0 - -2)).
41
Let p(y) = 2 + 3 + y + 2 - 1. Let d(c) = c - 1. Let a be d(-3). List the prime factors of p(a).
2
Let a(f) = -8*f**2 + 13*f + 12 - f**2 + 8*f**2 - 1. Let j be a(9). Let w = j - 33. List the prime factors of w.
2, 7
Let n be (-380)/(-12) - 4/6. Suppose n + 29 = 2*l. What are the prime factors of l?
2, 3, 5
List the prime factors of (2/(-8))/((-2)/1096).
137
Let r = -261 - -478. List the prime factors of r.
7, 31
Suppose 2*o + 2*o - 3*i = -83, 2*o = 4*i - 44. Let t = -12 - o. What are the prime factors of t?
2
Let k(b) = -3*b + 3. Let o be k(-4). Let c = -7 + o. List the prime factors of c.
2
Suppose -213 = -3*m + 87. List the prime factors of m.
2, 5
Suppose 89*l + 948 = 93*l. What are the prime factors of l?
3, 79
Let u = -16 + -46. Let n = 96 + u. What are the prime factors of n?
2, 17
What are the prime factors of ((-16)/(-28))/((-6)/(-21))?
2
Let n = 2 - 3. Let m(r) = r**3 - 2*r**2 + 2. Let q be m(2). What are the prime factors of (10/2)/(q + n)?
5
Suppose 101 = 2*m + 25. List the prime factors of m.
2, 19
Let o(u) = 5*u**3 + 2*u - 1. Let b be o(1). List the prime factors of (-9)/b + 27/2.
2, 3
Suppose 0 = -4*v + 5*v - 4. Suppose -10 = -v*p + 6. Suppose -x - 5*f = -19, 4*f - p = 4*x - 2*x. What are the prime factors of x?
2
Suppose 0 = 5*x + 5*h, -h - 4 + 0 = 0. Let d = x + 0. Suppose -4*z - 5*i + 40 = 0, -4*i = d*z - 2*i - 28. List the prime factors of z.
5
Let v be -3 + 1 + 4/1. Suppose -2*n + 6*n = m - 4, -8 = -v*m + 3*n. Suppose -5*f + 3*k + 0*k = -58, m*f - 4*k = 40. List the prime factors of f.
2, 7
Let m(v) = v**2 - 3*v + 1. Let p = 1 + 5. Suppose -2*l = 4*s - p, s - 3*s - 17 = -3*l. List the prime factors of m(l).
11
Suppose -191 = -4*d - d - n, -4*d + 3*n + 149 = 0. List the prime factors of d.
2, 19
Suppose 3*n + 3*h = 6*n - 30, -n - 10 = 4*h. List the prime factors of n.
2, 3
Let n be (56/(-6))/(8/(-36)). Suppose 12 - n = -2*l. List the prime factors of (l/(-9))/(2/(-6)).
5
Let d be 0 - (8*2)/2. Let w = 13 + d. Let i(o) = o**3 - 4*o**2 - 5*o + 3. List the prime factors of i(w).
3
List the prime factors of (-14)/91 + (-275)/(-13).
3, 7
Suppose 271 = -5*t + 1161. Suppose 71 = 2*l - d, -d + 3*d = 5*l - t. What are the prime factors of l?
2, 3
Suppose -o - 2*o = p - 295, 0 = 5*o + 4*p - 494. Let c = -59 + o. Suppose -c = -2*j - 11. What are the prime factors of j?
2, 7
Let n be (-6)/(-4)*16/6. Suppose n*x + 4 = -0*h - 4*h, -2*h = 5*x + 11. What are the prime factors of h?
2
Let p(r) = 4*r**2 - 3. Let d be p(-2). Let j = 32 + d. List the prime factors of j.
3, 5
Let s be (6 - -2) + -1*2. Let o = 11 - s. Let c = 9 - o. What are the prime factors of c?
2
What are the prime factors of 2*(-1)/(-2) + (100 - -13)?
2, 3, 19
List the prime factors of 1*(2 + -1) + (6 - -204).
211
List the prime factors of (-68)/(-6)*18/12.
17
Let w(c) = 3*c - 3. Let f be w(4). Let y be (-8)/36 + 182/f. What are the prime factors of ((-6)/(-5))/(4/y)?
2, 3
Suppose 3*k = 3 + 6. Let c = k + -8. Let v(a) = -a**2 - 6*a. List the prime factors of v(c).
5
Suppose 5*l = l - 24. Let y(h) = 5*h - 3*h - 3*h + 6. List the prime factors of y(l).
2, 3
Suppose -3*u + 1 = -8. Suppose -5*r - 1 = -2*m - 31, -4*r + 2*m + 26 = 0. Suppose r*k = 23 - u. List the prime factors of k.
5
Suppose -12*n + 13*n - 3 = 0. Suppose a + 53 = n*b - 1, 79 = 5*b + 2*a. List the prime factors of b.
17
Let o = -89 - -152. Let u = -45 + o. List the prime factors of (u/(-3))/3 - -14.
2, 3
Suppose -s + 11 = -1. Suppose 0 = -4*h - s, 4 = -4*f - 3*h + 15. Suppose 2*w = -f*x + 25, 2*w = x - 2*x + 13. What are the prime factors of w?
5
Suppose -5 - 4 = k. Let j = 1 - k. What are the prime factors of j?
2, 5
Suppose 3*m = 4*h - 22, -22 = -5*h - 3*m + 19. Let c(l) = 3*l + 4. Let a(w) = w + 1. Let r(k) = 4*a(k) - c(k). What are the prime factors of r(h)?
7
Let y(s) = -s**3 + 11*s**2 + 2. Suppose -4*d + 20 = -4*w, -6*d + 45 = -4*d + 5*w. Let c be y(d). List the prime factors of (c/9)/(4/6).
17
Let n(m) = -m + 4. Let b be n(8). Let z(i) = -i**3 - 3*i**2 + i - 5. List the prime factors of z(b).
7
Let t(x) = -2*x - 5. Let g be t(-4). Suppose 1 = -g*l - 26. What are the prime factors of (-159)/l - 4/6?
17
Let j = -7 + 36. What are the prime factors of j?
29
Let h be (1 - (-9)/6)*2. Suppose 8 = -4*z - 4, 24 = 3*v - h*z. Suppose 0 = -0*c - c + v. What are the prime factors of c?
3
Let x(y) = -y**2 - 8*y + 2. Let w be x(-8). Suppose z + 0 - w = 0. Suppose -3*o - z*o + 60 = 0. What are the prime factors of o?
2, 3
Let c = 5 + 0. Suppose -9 = a - 2*a + l, c*a - 27 = -l. What are the prime factors of a?
2, 3
Suppose 2*z + 2 - 6 = 0. Let c(f) = -z + 0*f**2 + f**2 + 1 + 2*f. What are the prime factors of c(-4)?
7
Let v be (3 + 24)*3/1. Suppose 4*q = 3*b + 137, 2*q + 0*q = -b + v. Suppose -q + 6 = -4*s. List the prime factors of s.
2
Let z = 385 - 202. What are the prime factors of z?
3, 61
Let r(k) = k**2 + k - 9. What are the prime factors of r(5)?
3, 7
Suppose -3*g + 4 = -2*g. Let n = -6 + g. List the prime factors of (-3 - 2)/(n/6).
3, 5
Let i be (-17)/(-5) + 3/5. Suppose -3*u - h = -0*u - 15, 0 = -2*u - i*h + 20. Suppose 0 = u*j - 2*j - 8. What are the prime factors of j?
2
Suppose 4*m + 2*j = 32 + 8, 40 = 4*m - 2*j. List the prime factors of m.
2, 5
List the prime factors of (-50)/(-20)*488/10.
2, 61
Suppose -20 = 5*t + 3*d, 4*t + 5*d + 26 = 3*t. Let j = 6 + t. What are the prime factors of j?
5
Let y(t) be the first derivative of 40*t**3/3 - t**2/2 - t + 1. Let u be y(-1). Suppose -u = -2*f - 6. List the prime factors of f.
17
Suppose -6*t = -t. Let d be ((162*1)/3)/2. Suppose -4*c = 4*g - 48, t*g = 4*c - 3*g - d. What are the prime factors of c?
3
Let p(h) = -2*h**3 + h**2 - h - 3. Let r be 10/6 - 6/9. Let v(j) = -j**2 + 1. Let d(q) = r*p(q) + 4*v(q). List the prim